at is g(-3)?
5
Let t(a) = -5*a**2 + 0*a**3 - 2*a**2 - 5*a**3 - 7 + 4*a**3 + 8*a. Give t(-8).
-7
Let w(d) be the third derivative of 0*d - 1/60*d**5 + 1/8*d**4 + 0 + 1/6*d**3 + 3*d**2. Calculate w(4).
-3
Let g(z) = z - 1. Let c(k) = 5*k + 1. Let x(v) = c(v) - 6*g(v). Let q = 0 - 0. Calculate x(q).
7
Suppose -3*i + 12 = -i. Let f(a) = -a + 1. Give f(i).
-5
Let u(w) = -w**3 - 5*w**2 + 7*w + 3. Let q be -1 + (3 - (-2 - 1)). Suppose -q*g = 4*j + 39, -j + 2*g = -0*j. Calculate u(j).
-3
Let c(v) = v**2 - 4*v - 1. Suppose -5 = 3*x - 20. Let o = -3 + x. Give c(o).
-5
Let j(h) be the third derivative of h**6/120 - h**5/10 + 5*h**4/24 - 7*h**3/6 - h**2. Suppose 33 = 5*y + 8. Calculate j(y).
-7
Let x be 0 + 2 - (0 + -1). Let k(l) = -4*l**3 - 6*l**3 - 1 + 2*l**x - 2*l. Determine k(-1).
9
Let t(o) = -o**2 + 9. Suppose -40 = -4*g - 0*g. Let b(w) = w**2 - 11*w + 10. Let z be b(g). Calculate t(z).
9
Let h(f) be the third derivative of f**6/24 + f**4/24 + f**3/6 + f**2. Let p be (1/2)/(108/(-216)). Determine h(p).
-5
Let d = -9 - -11. Suppose 2*y + d*y + 24 = 0. Let o(s) = -6 - 3 + 4 - 2*s. Give o(y).
7
Let i(f) = -3 - 3*f - 3 + 2*f. Give i(0).
-6
Let h = -5 + 5. Let x = h - -3. Let m(u) be the first derivative of u**2/2 - 7*u - 1. Calculate m(x).
-4
Let a = 31 - 44. Let v = 13 + a. Let n(y) = y - 7. Let p(d) = -d + 8. Let q(w) = 6*n(w) + 5*p(w). Give q(v).
-2
Let m be (1 - 0)/((-7)/2 - -4). Let j(o) = -3*o - 1. Give j(m).
-7
Let u(i) be the third derivative of i**6/120 - i**5/15 - 5*i**4/24 + 5*i**3/6 + 4*i**2. What is u(5)?
5
Let g(t) = 11*t + 1. Let n = -6 + 9. Let u(o) be the third derivative of o**4/24 - 2*o**3/3 - 4*o**2. Let l be u(n). Determine g(l).
-10
Let r(g) = 4*g**3 - 3*g**2 + 8*g - 1. Let a(i) = 2*i**2 + i - 3*i**2 + 0*i**3 + i**3. Let v(h) = -5*a(h) + r(h). Let s = 0 + 3. Determine v(s).
-1
Let f(n) = -n**2 + 6*n + 3. Let w(a) be the third derivative of a**5/15 - 3*a**4/4 - 3*a**3/2 - 6*a**2. Let u(g) = 7*f(g) + 2*w(g). Give u(-6).
3
Let p(q) = 3*q + 2. Let g be p(-1). Let y(l) = -l**2 + 0*l**2 + 4*l**2. What is y(g)?
3
Let s(v) = v - 2. Let c = 5 + -1. Let n be s(c). Let k(g) = -3 + 5*g + n - 1. What is k(2)?
8
Let g(l) be the second derivative of -1/12*l**4 - 2*l**2 + 0 - 2*l - l**3. Let h be g(-4). Let n(p) = p + 4. Calculate n(h).
8
Let w(c) = c**3 + c**2 - c + 1. Let z(l) = 5*l**3 + 7*l**2 - 7*l + 5. Let i(k) = -6*w(k) + z(k). Calculate i(0).
-1
Let g be (-42)/11 + 10/(-55). Let a(y) = 3*y**3 - 3*y**2 - 9*y - 8. Let i(z) = 5*z**3 - 4*z**2 - 14*z - 12. Let u(m) = 8*a(m) - 5*i(m). Determine u(g).
4
Let z be 36*2*3/6. Let h be (-8)/z - (-2)/9. Let b(f) be the third derivative of -f**4/24 + 7*f**3/6 + 2*f**2. Calculate b(h).
7
Suppose -t + 3*t = 6. Suppose 1 = -t*z - 2. Let v(m) = -3*m. Give v(z).
3
Let n(m) be the second derivative of 17*m**5/20 - m**3/3 - m**2/2 + 18*m. Give n(-1).
-16
Let u be (1 + -3)*(-1 - 0). Let m(x) = -2*x**3 + 2*x**2 + 2*x - 2. Give m(u).
-6
Let r(p) = -p**3 - 6*p**2 - 3*p + 4. Let y(n) = n**3 + 6*n**2 + 2*n - 3. Let x(d) = -3*r(d) - 2*y(d). What is x(-5)?
-6
Let b(a) = a**3 + 5*a**2 + 5*a. Let n(p) = 20*p - 1. Let l be n(1). Suppose 5*k = -l - 1. Give b(k).
-4
Let v be -6 + 4 - 2*-1. Let b = 2 - v. Suppose -y = y - b. Let j(p) = 2*p**3 + p**2 - p + 1. Calculate j(y).
3
Let t(i) be the third derivative of 5*i**4/24 + 3*i**2. Calculate t(1).
5
Let s(i) = -i**3 - 6*i**2 - i - 7. Suppose 0*z + 2*f - 10 = z, 3*z + f + 16 = 0. Let m be s(z). Let y(t) = t**2 - 1. What is y(m)?
0
Let s(d) = -5*d**3 - d**2. Let c be s(-1). Let w(n) be the second derivative of 2*n + 0 + 7/2*n**2 + 7/6*n**3 + 1/12*n**c. Calculate w(-5).
-3
Let r(c) be the second derivative of 1/6*c**4 + 1/2*c**2 + 0 + 1/10*c**5 + c + 1/6*c**3. Let j be ((-2)/4)/((-1)/(-4)). Calculate r(j).
-9
Let a(q) = q**2 + 5. Suppose 3*j - 3 = 6. Suppose 0*p + j*p = 0. Give a(p).
5
Let p(k) = -3*k**2 + 3*k + 5. Let o(r) = 4*r**2 - 4*r - 6. Let n(q) = 5*o(q) + 6*p(q). Suppose 4 = 3*h - h. Determine n(h).
4
Let y(l) be the first derivative of -3*l**2 - 1/3*l**3 + 5 - 2*l. Give y(-6).
-2
Let j be 4 - 0/(2 - 3). Let p(a) = -14*a**3 + 29*a**2 + 2*a - 15. Let t(q) = 5*q**3 - 10*q**2 - q + 5. Let i(b) = j*p(b) + 11*t(b). What is i(4)?
15
Let u(d) = d. Let i = 4 + -5. Let y(r) = -4*r - 1. Let c(l) = i*y(l) - 3*u(l). Give c(-4).
-3
Let m(w) = -2*w**2 + 7*w - 8. Let r(q) = -q**2 + 3*q - 4. Let x(l) = 3*m(l) - 5*r(l). Determine x(3).
5
Let b(f) = -5*f**3 - f**2 + 2*f. Let y(j) = -9*j**3 - j**2 + 3*j. Let x(h) = 5*b(h) - 3*y(h). Let a(g) = g. Let p be a(2). Suppose -5*q + 3 = -p. Give x(q).
1
Let p(h) = -8*h - 9. Let s(y) = -14*y - 16. Let k(t) = 5*p(t) - 3*s(t). Suppose -v - 5*c = 17, -v + 4*c - 1 = 5*c. Calculate k(v).
9
Let s(c) = 4*c - 13. Let u be s(3). Let o(a) = -2*a**3 + a + 1. Calculate o(u).
2
Let c(s) = -20*s**3 - 6*s**2 + 20*s + 14. Let r(w) = -7*w**3 - 2*w**2 + 7*w + 5. Let u(i) = -6*c(i) + 17*r(i). Calculate u(-3).
-5
Let p be 0 + -2 + 3 + 3. Let s(q) = -6 + 2*q - p*q + 0*q + 5*q. Give s(4).
6
Let d(a) = 5*a**2 - 3*a - 21. Let w(x) = 3*x**2 - x - 11. Let r(k) = -4*d(k) + 7*w(k). Calculate r(-5).
7
Let u = -55 - -58. Let h(m) = 8*m - 3. What is h(u)?
21
Let y(g) be the second derivative of 1/6*g**3 + 1/20*g**5 + g + 0 + 0*g**2 - 1/4*g**4. Determine y(2).
-2
Let r(k) = -k**3 + 3*k**2 + k - 2. Let d(h) = -h**2 + 5*h + 5. Let o be d(5). Suppose 5*n + 10 = -o*l + n, n + 9 = 2*l. What is r(l)?
4
Let h(m) = m + 1. Let k be 7 + (-16)/12*3. Give h(k).
4
Suppose -4*t = -4*u, 2*t = -2*t + 3*u - 3. Let v = 0 + t. Let o(d) = -d**3 - 2*d**2 + 3*d + 3. What is o(v)?
3
Let h(m) = 6*m - 3. Let c(y) = -7*y + 5. Let o be c(0). Calculate h(o).
27
Let z = -4 - -6. Let n be (-72)/(-32) - z/8. Let f(h) = -h + 4. Determine f(n).
2
Let i(q) be the first derivative of q**3/3 - 3*q**2/2 - 6*q + 150. Let u(h) = -h**2 + 8*h - 7. Let j be u(6). Calculate i(j).
4
Let r = -13 + 11. Let t(q) = 2*q - 2. Determine t(r).
-6
Let n be (-5 + 1)/(-2 + 1). Suppose -k + 9 = 5*p, -5*k = n*p - 4 - 20. Let y(h) = -3*h - k + 2*h + 2*h. What is y(0)?
-4
Let b(t) be the first derivative of -t**3/3 + 5*t**2/2 - 4*t + 8. Calculate b(3).
2
Let v(u) = -u**3 + 8*u**2 - 9*u + 8. Let c be (-3 - -7)/(-16) - 58/(-8). Give v(c).
-6
Suppose 3*o - 44 = 25. Suppose -2*c - i + o = -6*i, i + 6 = -c. Let j(f) = -2*f. Give j(c).
2
Let k = 26 + -33. Let p(y) = -y**3 - 6*y**2 + 6*y - 3. Determine p(k).
4
Let s(q) = q - 4. Let p be s(9). Suppose 0 = -5*j - 2*c - p, 1 - 2 = j - 2*c. Let h(g) = -3*g - 1. What is h(j)?
2
Let m = -8 - -11. Let y(p) = -p**3 + 2*p**2 + 2*p + 3. Determine y(m).
0
Let h(b) be the second derivative of 1/8*b**4 - 1/120*b**5 + 0*b**2 + 0 - b + 2/3*b**3 - 1/360*b**6. Let q(c) be the second derivative of h(c). Determine q(-3).
-3
Suppose -j = 2*j - 9. Suppose -y + 3 = -0*m + 2*m, -3*m + j = 0. Let q(r) = -35*r. Let a(c) = -2*c. Let k(n) = 110*a(n) - 6*q(n). Determine k(y).
-10
Let z(u) = 11*u - 35. Let i(v) = 4*v - 12. Let y(w) = 8*i(w) - 3*z(w). Give y(0).
9
Let f(r) = -3*r**3 + r**2. Let o be f(-1). Let d(l) = -l**2 + 4*l + 1. What is d(o)?
1
Let i(g) = -3*g**3 - g**2 - g. Let v be i(-1). Let n(o) = o**3 + 3*o**2 + 2. Let c be n(-3). Let k(l) = 5*l**2 - 2*l**2 - 4*l**c - 2 + 3*l. Calculate k(v).
-2
Let k(o) = 3*o**2 - 1. Let s be k(-1). Let l(q) = 3 - 8*q - 6 + s. Let h(d) = -d**2 + 5*d + 5. Let n be h(6). Calculate l(n).
7
Let g(n) be the first derivative of -n**2 + 3*n + 10. Suppose 6 = -4*k + 5*k. Determine g(k).
-9
Suppose -6 = -2*l - s, -2*s + 2 = -3*s. Let f(b) = 4*b + 1. Give f(l).
17
Let d(y) = -y - 1 + 0 + 2*y. Suppose -100 = 24*b - 4*b. What is d(b)?
-6
Let h = 4 + 0. Let l(i) = -3*i - 2 - h*i**2 + 4*i**3 - 4*i**3 - 2*i**3. Let c be l(-2). Let o(f) = -f**3 + 4*f**2 - 4. Calculate o(c).
-4
Let p(q) = 2*q**3 + 0*q**2 + 2*q - 3*q**3 - q**2 - q + 2. Give p(0).
2
Let h(u) = -3*u**3 + u**2 - u. Let x(o) = o + 11. Let g be x(-6). Suppose 4*t + 1 - g = 0. Determine h(t).
-3
Let h(f) = 3*f - 6. Let c be h(0). Let w(l) = 2*l + 5. Give w(c).
-7
Let g(t) = -t**2 + 2*t - 13. Let u be g(0). Let v = 12 + u. Let c(r) = 4*r + 1. Let b(l) = -l**2 - 7*l - 2. Let o(y) = -4*b(y) - 7*c(y). Calculate o(v).
5
Suppose 4*j + 12 = -s + 2*s, -s = 4*j - 4. Let b(k) = k**2 - 9*k + 7. Let c be b(s). Let x = c + 5. Let a(y) = -y**2 +